(-96 + 96)?
54
What is -1 - (16 - ((51 - 34) + 2 + -10))?
-8
Calculate 83 + 18 + -45 - 39.
17
What is (10 + -9 + 2 + -10 - (-26 - -10)) + 15?
24
Evaluate (43 + -23 - 13) + (-2 - -1) + (-1 - -4).
9
Evaluate -1 - -7 - (-104 + 69 + 70).
-29
Calculate -49 - (45 + (-103 - -30) - 23).
2
What is the value of 399 + -500 - (-20 - (0 + -4))?
-85
Evaluate -33 - 3 - (224 + -211).
-49
What is the value of 65 - (8 + 15 + 10 + -17 + -5 + -13)?
67
Evaluate (-23 - 0) + (2868 - 2829).
16
What is 8 + (55 - 15) + -14?
34
Evaluate 3323 + -3295 - (-81 - 3).
112
42 - 96 - -21 - -78 - -80
125
Evaluate 4 + -1 - (31 + -28 + 21) - 8.
-29
Calculate ((1 - 1) + 49 - -2) + -118 + 66 + 46.
45
-282 - -210 - (-112 - -18)
22
What is the value of 89 + (107 - 130) - (-8 + -2)?
76
Calculate -49 - (48 - 108 - -10).
1
What is the value of -7 - 0 - (27 - (-14 + 24 + -22))?
-46
(12 + -51 - 55) + 181
87
What is 79 + (12 - ((-20 - -16) + -2))?
97
Calculate (-118 - (-5 - 4) - (-10 + 10)) + -16.
-125
Evaluate 40 - (-37 + (46 - -38)).
-7
Calculate 4 + -8 - (-2 - ((-8 - -74) + (19 - 37))).
46
Calculate 1 + 23 - ((65 - 51) + -10).
20
Evaluate 0 + -1 + 51 + (-24 - -23) - 2.
47
Evaluate 3 - (-11 - (-1 - (2 - 1))) - (4394 + -4463).
81
What is (-39 - -4) + (-391 - -443) + 3 + -2?
18
What is the value of 70 + (1 - (6 + (-40 + 8 - -14)))?
83
0 - 41 - -38 - (-103 - 27)
127
Evaluate (13 - -36) + (-833 - -914).
130
What is (-14 + -55 - 13) + (-3 - (14 + -19))?
-80
Calculate (-45 - (-29 - -31)) + (0 - 2).
-49
Calculate -34 + (-15 + (39 - 13) - 8) + -12.
-43
What is the value of 107 - (-2 + -5 + 18 + 21 + -17)?
92
-147 + 116 - (3 - 78 - -3)
41
Evaluate 1 + -39 + -21 + 25 + 14.
-20
(0 - (-12 - -11 - (3 - 1))) + (20 - 44)
-21
Calculate (1 + -17 - (-89 - -84)) + (-9 - 7).
-27
Evaluate 7 + -17 + (-40 - -9 - -27).
-14
What is the value of -360 + 341 - (-4 - 3)?
-12
What is the value of -82 + -24 - -130 - (1 - 5)?
28
Calculate -4 + (37 - 2) - (575 - 548).
4
Evaluate 88 + 5 + 5 + -10 + (-3 - 16) + 18.
87
What is the value of (11 - (-5 + 11)) + 6 + 109 - 5?
115
What is (50 + -18 - (10 - (0 + 2))) + 8?
32
What is the value of (-53 - 2) + -1 + (385 - 412) + (-3 - -40)?
-46
What is 41 - (-61 + 80 - 24)?
46
2 - -15 - (-21 + 74 + 11)
-47
Calculate -20 + (-15 + 83 - 30 - 40).
-22
Calculate (3 - 20 - -4) + (15 - (4 - (-92 - -15))).
-79
What is the value of 3 - (7 + 84 + -24)?
-64
Calculate -2 + 11 + (-30 + 23 - 4 - 44).
-46
What is the value of -3 - (-7 + -14 - (6 - 123) - -5)?
-104
-43 - (-225 + 43) - 86
53
What is the value of 103 + 1 + (91 - (-127 - -194))?
128
Evaluate -5 - (-45 + -16) - (-47 - -79).
24
-226 - -159 - (3 - (4 - -2))
-64
Evaluate 11 - (20 + (-6 - -20) + -33).
10
What is -128 + 142 - (5 - (1 - (-33 + -1)))?
44
What is 3 + (-45 - (-46 + 19)) - -95?
80
Evaluate (64 - (19 - (-34 + 34))) + 14.
59
What is the value of -566 + 538 + (-3 - -47) - -30?
46
Calculate 14 - 16 - (-57 + -2 + (-1 + 3 - -4)).
51
(-5 - -98) + (-9 - (1 + -46 + 34))
95
Evaluate 6 - (15 + -5 - (0 + 12)) - (-27 - -20).
15
140 + -97 + (-1 - 59)
-17
Calculate -10 - (-46 + 54) - -65.
47
Calculate (-33 - (22 - 16) - -13) + (-2 - (-2 + -5)).
-21
Calculate 9 + (-6 - (4 - -54) - ((1 - -9) + -18)).
-47
-25 - (38 - (17 - -1) - 4)
-41
What is the value of 2 + (0 - 18) - (-2 - -19 - (319 - 360))?
-74
Evaluate -405 - -391 - (0 + -7 + -7).
0
What is the value of -4 - (5 - (29 + -28)) - -40?
32
Evaluate -32 + 27 - 29 - -41.
7
What is the value of 0 + -2 + -9 - (-210 + 212)?
-13
Calculate -2 + (83 - (12 - 10)) - (5 + (-14 - -3)).
85
What is -9 - (3 + 0 + -9) - (-30 - 15)?
42
Evaluate -32 + -2 + 18 + -15 + (2 - 5) + 10.
-24
What is the value of (15 - 8) + -98 - (-8 + (28 - 12))?
-99
179 - (117 + 72 + -103)
93
Calculate 24 + -19 + (-6 + -1 - (19 + -35)) - -6.
20
Evaluate -6562 - -6531 - (-1 + -16 + 5 + -2).
-17
What is (-30 - 2) + 1301 + -1170?
99
What is 7 + 10 + -64 + (-9 - -1) - 1?
-56
Calculate 1 + -10 + (-4 - -11 - -76 - (-23 - -19)).
78
Evaluate 1 - -67 - (-8816 + 8961).
-77
(8 - -13) + 18 - 12 - 82
-55
What is 37 - (15 - (27 + -36)) - (1 + 13) - 17?
-18
Evaluate -3 + (-7 - (19 - 22) - -73) + 3 + -13.
56
Calculate 171 - 183 - (7 - (-5 - -2)).
-22
What is the value of 13 + (-6 - (-32 - (-28 - (-18 + 13))))?
16
Calculate -2 - ((11 + 9 + -9 + 1 - -10) + -2).
-22
(1 - -73 - ((-8 - -5) + 6)) + -152 + 154
73
(20 - 20) + (16 + 23 - 16)
23
Calculate (-4 - (21 + -20) - (-18 - -7)) + 1 + 7.
14
(-72 - -49) + 86 - 55
8
What is the value of (0 + -2 - (-327 - -322)) + 25?
28
What is the value of -22 + 5 + -4 + (217 - 143) + -94?
-41
What is 17 + 170 + -123 - 30?
34
Evaluate 1 - (-7 + (-1 - (1 + -5)) - (62 - 53)).
14
Evaluate -2 + 1 + 18 + (2835 - 2847).
5
What is (-47 - -81) + -1 + -65?
-32
73 - (-2 + 3 - -2 - (-17 - (7 + -19)))
65
What is -5 + -37 - -40 - (9 + 1) - -40?
28
What is the value of -54 + (2 - (4 + -9) - 14)?
-61
What is -69 + -9 - -119 - 23?
18
What is the value of -138 + (-67 - -103) + 53?
-49
Calculate -20 - 0 - (-74 - (-86 - -73)).
41
Calculate 23 - (-21 - -40 - -110) - (1 - (0 + 1)).
-106
Evaluate 75 + -70 + -27 + 68.
46
What is -9 - (-1 + -44 + (-878 - -895))?
19
What is -6 - 1 - ((-15 - -4) + 37 + -121)?
88
Evaluate 15 + -13 - (-10 - (-8 - (45 - (-8 - -20)))).
-29
Calculate -31 + 19 + -14 + 41.
15
What is 54 + (-25 + 29 - 10)?
48
What is 1 + (59 - 60) - (1 + -47)?
46
Evaluate -40 + (-1 - (10 + 4)).
-55
What is 38 - (-38 - -68) - 49?
-41
5 + 24 + -380 + 388
37
-15 + 41 - 62 - (7 - 9) - -23
-11
What is the value of -42 - (31 - (10 + (21 - 16))) - -11?
-47
What is 53 - (-74 + 66 - -74)?
-13
Evaluate 17 + 55 - ((55 - 15) + -20).
52
What is (-13 + -5 - 3) + (-7 - -121 - -6)?
99
Evaluate 30 - (12 + 26) - (2 - -19) - 14.
-43
What is -6 + (3 - 3) + (43 - -9 - 69)?
-23
What is (1 - (6 + 1)) + (-578 - -585)?
1
What is -37 + 11 + -30 + (34 - 14)?
-36
What is -51 + (-63 + 19 + 25 - (-1 - -2 - 13))?
-58
28 - (26 - 3) - (10 + 12 - 5)
-12
Evaluate 10 + -2 - (170 - 193).
31
Calculate (75 - 141) + 73 + 86.
93
(-12 - (18 + -9) - -7) + -11
-25
-11 + (-14 - -4) + 34 + (62 - -13)
88
Evaluate -248 + 258 - (-34 - 19).
63
Evaluate -18 - (22 - (37 - -3) - -49).
-49
(-49 - -1) + (2276 - 2274)
-46
What is -60 - (10 + 14 - 46) - -84?
46
What is the value of 35 + (-4 + -1 - (-1 + (-5 - (10 + -9))))?
37
What is (-39 - (-55 - -35)) + 68?
49
What is the value of 24 + -19 + 34 + (6 + 19 - 9)?
55
What is 58 - (44 + (15 - 55) - (9 - 1))?
62
-81 - (-80 + 6 + -32)
25
What is the value of -138 - (-119 + 48) - -164?
97
9 - (-95 + 12 + 71)
21
Calculate -22 - -83 - 6 - (-5 - (-3 - -7 - 7)).
57
Evaluate 1 + 32 + (-2 - 4).
27
What is 0 - (26 - -2 - 12) - 14?
-30
Evaluate -12 + 1 - (2 - (-3 - (20 + -76))).
40
-492 - -433 - (6 - -1)
-66
Evaluate 2 - (-24 + 45 + -3 + -24).
8
Evaluate (-71 - -13) + (15 - 28).
-71
(-50 + 140 - 50) + (2 - (-2 - (2 + -10)))
36
What is the value of -19 + (5 + -10 - -12) + (-66 - (29 - 27))?
-80
Calculate (-145 - -15) + 32 - (-3 + -3 - 7).
-85
What is the value of 41 + -74 + (15 + 24 - 3)?
3
Evaluate 6 + 0 - (0 - -2) - ((25 - -270) + -246).
-45
Evaluate (54 - (29 - 3)) + 0 + -1 + -9 + 8.
26
Calculate (-5 - -4) + -4 + (80 - -1) + -26 + 21.
71
What is the value of 21 - (-9 + (-12 - 1 - -3))?
40
What is -34 + (-58 - -66) + -23?
-49
Evaluate -13 + -24 + 55 + 7 + -3 + 6.
28
What is 4 - (-11 + 3 + 21 - 2)?
-7
What is (-7 - 1 - -16 - 17) + (33 - 3)?
21
What is -47 + 1 - (1110 - 1102)?
-54
Evaluate -8 - (-5 + 15) - ((8 - -3) + -8) - -2.
-19
What is 9 + 1 - (-7 + 63 + -33)?
-13
What is the value of -6 - (-32 + (-5 - (-46 - -31)))?
16
Calculate -42 + (-12 - -11) + 56.
13
Evaluate (6 - ((2 - 1) + -3) - -1) + (32 - 7).
34
What is 2 - 8 - ((-83 - -30) + 79)?
-32
Calculate -13108 - -12868 - (-123 + 1).
-118
Evaluate -16 + (-47 - (0 + -21)) - 20.
-62
((19 - 21) + -11 - 5) + 59
41
Calculate -10 + (-13 - (-8 + -1)) - (-82 - (47 - 20)).
95
Evaluate 54 - 56 - (-1 + 41 - (-3 + 8)).
-37
(1107 - 1161) + -9 + 3 + 4
-56
-39166 + 39161 + (-1 - -1 - 52 - (1 + 0))
-58
Evaluate 73 - ((-6 - -4) + 9 - 22 - -6).
82
26 + -32 - -17 - (2 + 4)
5
21 + (152 - 167 - (-15 - 1) - 23)
-1
What is the value of (-19 - (46 + -37)) + 81?
53
What is the value of 0 + 58 + -152 - -197?
103
What is 41 + -51 + (-5 - 1 - 4) - -18?
-2
-93 + -12 - -38 - -55
-12
-13 - (-14 + 8) - (-51 + 1)
43
Evaluate -147 - 